). Suppose 0*n + n + 3*j - 597 = 0, -5*n - z*j + 2997 = 0. What is the units digit of n?
0
Suppose -46*v - 1 = -47*v. Let s(w) = -w + 1. Let r(u) = 2*u**2 - 19*u + 65. Let g(h) = v*r(h) - s(h). What is the units digit of g(12)?
6
Suppose 1796064 = 85*s + 39*s - 18*s. What is the thousands digit of s?
6
Let u be -4*((-425)/2 + 4). Let q = u + -483. What is the units digit of q?
1
Let x(c) = 125*c + 4081. What is the thousands digit of x(50)?
0
Let w(s) = s**3 + 5*s**2 - 2*s - 1. Let h be w(-5). Let q be (1 - 1)*h/18. Suppose q = 7*m - 486 - 53. What is the tens digit of m?
7
Suppose -3*k = -12, -k + 2749 = 4*j - 3*j. What is the units digit of j?
5
Let t = -2 - 1. Let l(u) = -u**2 + u - 9*u**3 - 5 - 5*u**3 + 0*u**3 - 3*u**3 + 15*u**3. What is the tens digit of l(t)?
3
Suppose -18*p + 75868 = -64262. What is the thousands digit of p?
7
Let f(s) = 330*s**3 - 3*s**2 - 26*s + 106. What is the thousands digit of f(3)?
8
Suppose 3*t - 5*v = 2*t - 341, 5*v + 391 = -t. Let k be 4 - (-1)/(-2)*t. Let c = 370 - k. What is the units digit of c?
3
Let u be (-4*6/(-8))/1. Suppose u*l = -2*l + 15. Suppose 2*t + l - 61 = 0. What is the units digit of t?
9
Suppose 2*n + n + 3*r = -12, -4*n - 3*r = 11. Let u(m) = 52*m**2 + 39*m**2 + 51*m**2. What is the hundreds digit of u(n)?
1
Suppose 125*d = 134*d - 16677. What is the tens digit of d?
5
Let g = 28136 - 8687. What is the thousands digit of g?
9
Let o = 11453 + 45982. What is the tens digit of o?
3
Let x(i) = -21*i - 141. Let h be x(-7). What is the hundreds digit of (-6052)/h*(-24)/16?
5
Let w = 7 + 0. Let c(z) be the third derivative of -z**5/60 + 11*z**4/24 + 5*z**3/3 + 4*z**2 - 11. What is the units digit of c(w)?
8
Suppose -2*z + 35922 = 5*c, -3*c = 4*z - 30691 - 41181. What is the thousands digit of z?
7
Suppose -5*v - 10 = 0, 6*i = i + 2*v + 14. Let y be -55 - (i + -3)*0. Let x = y - -59. What is the units digit of x?
4
What is the units digit of 469/(-402)*(-14298 - 0)?
1
Let w = 7 + -2. Let h be w/(-15)*18/(-3) - 66. What is the units digit of (18/4*1)/((-6)/h)?
8
Let u = -20952 + 45851. What is the tens digit of u?
9
Let c be (14 - 18)/((-1)/51). Suppose 2*a - 106 = -4*v, -4*a + 4*v = 8*v - c. What is the units digit of a?
9
Let x(u) = 3*u**2 + 9*u - 11. Suppose -4*z - 3*r + 386 = 0, -2*z - 290 = -5*z - 2*r. Let y be (z/28)/(2/(-4)). What is the units digit of x(y)?
3
Suppose 63 = g - 87. Suppose -13*q - g = -3*q. Let i = q - -78. What is the tens digit of i?
6
Let w(c) = -c**2 + 7*c + 9. Let y be ((-80)/(-15))/(4/6). Let f be w(y). What is the units digit of -2 - (f + -30 + 3)?
4
What is the tens digit of -26*(4 - -7 - 7 - 53)?
7
Suppose -5*x = 3*f - 0*x - 322, -3*f + 312 = 3*x. Let m(v) = 4*v - 53 + f + 29*v**2 - 53. What is the tens digit of m(2)?
1
What is the units digit of ((-6)/4)/((-28)/96656)?
8
Let x(f) = f**3 + 2*f - 5. Let v = -31 - -31. Let u be x(v). What is the tens digit of ((-1)/(-4))/(u/(-620))?
3
Suppose -8*t = 5*t - 104. What is the thousands digit of (t/(-18) - (-1096)/(-18))*-24?
1
Let z = 2928 + 2987. What is the thousands digit of z?
5
Suppose -45 = -4*u + u. Suppose 35 = -4*p + u. Let l(o) = o**3 + 9*o**2 + 14*o + 16. What is the tens digit of l(p)?
4
Let g(j) = 1123*j + 1599. What is the units digit of g(15)?
4
Let s(m) = -5*m**3 - 22*m**2 + 29*m + 12. Let u(h) = -14*h**3 - 65*h**2 + 85*h + 36. Let k(q) = 17*s(q) - 6*u(q). What is the hundreds digit of k(13)?
2
Let i = -43913 - -46952. What is the thousands digit of i?
3
Let n be (28/8)/7*0. Suppose 7*l - 106 - 272 = n. Suppose -10 = 2*c - l. What is the tens digit of c?
2
Suppose 0 = -7*f - 2*f + 72. Suppose 2*h - 820 = -r - 3*r, 2*h = -f. What is the hundreds digit of r?
2
Let a = -11890 + 13573. What is the tens digit of a?
8
Let o be ((-36)/(-18))/(1*2/209). Suppose o + 101 = 2*r. What is the units digit of r?
5
Let n = 13716 + -10979. What is the hundreds digit of n?
7
Let h = 5727 + -2456. Let s = -1863 + h. What is the units digit of s?
8
Let q be (7/((-21)/18))/(-2). Suppose 4*n = q*n - 89. Let t = 189 + n. What is the hundreds digit of t?
1
Suppose 3*h + 6 = 4*j, 2 + 6 = -4*h - 4*j. Let c be h + 1/2*14. Suppose -c*a + 242 = -3*a. What is the hundreds digit of a?
1
Suppose 151167 - 37408 = 46*z - 128477. What is the units digit of z?
6
Let u(s) = 27 - 82*s - 13*s + 38. Let g be u(-9). What is the hundreds digit of (g/12)/(0 + 6/9)?
1
Suppose -44 = -14*s + 25*s. What is the units digit of 2/(-3) - ((-580)/15 + s)?
2
Suppose 0 = 20*k - 15*k - 4*n - 42459, k - 8511 = -4*n. What is the hundreds digit of k?
4
Suppose 4*h = -4*c + 8*h + 56, -4*c - 2*h + 56 = 0. Let l = c - 50. What is the units digit of (-1142)/(-8) - 45/l?
4
Suppose -2*x - 161185 = -4*m - 8619, 190670 = 5*m + 5*x. What is the tens digit of m?
3
Suppose 177*l - 1454406 = -29*l - 17*l. What is the hundreds digit of l?
5
Suppose -3*f = 23 - 8. What is the units digit of 56/f*30/4*-4?
6
Let r = 70200 - 18105. What is the tens digit of r?
9
Suppose 0*t - 17*t + 13685 = 0. What is the tens digit of 2/4*t - (-12)/8?
0
Suppose 2*y = -4*l + l - 2, 0 = 5*y + 5. Suppose -n - 6*n - 2*n = l. Suppose 0 = d + 3*q - 85, n = -2*d - 3*q + 6*q + 134. What is the tens digit of d?
7
Let q(v) = 115*v - 1197. What is the units digit of q(56)?
3
Let v(o) = 41*o**2 - 2*o - 3. Let z(r) be the first derivative of -41*r**3/3 + r**2/2 + 2*r + 7. Let c(k) = -2*v(k) - 3*z(k). What is the tens digit of c(-1)?
4
Let z be (11 - 1)/((-1)/2). Let m(u) be the third derivative of -7*u**4/12 - 9*u**3/2 - 1907*u**2 - 1. What is the tens digit of m(z)?
5
Let t = -11510 + 23577. What is the hundreds digit of t?
0
Let n(h) = -8*h + 15. Let u = -88 + 92. Suppose -u*b = b + 95. What is the tens digit of n(b)?
6
Let i(z) = -z**3 + 4*z**2 - 3*z + 6. Let p be i(3). Suppose -2439 = -p*r - 405. What is the units digit of r?
9
Let x(y) = 13*y**2 + 147*y - 533. What is the thousands digit of x(22)?
8
Suppose -14*q + 10*q + 34220 = 0. What is the thousands digit of q?
8
Let g = -11254 + 21045. What is the hundreds digit of g?
7
Let r(l) = 2*l - 8. Let d be r(5). Suppose -2*f = 3*a - 271, -a - d*f = 2*f - 107. Let y = a + -53. What is the units digit of y?
4
Suppose 0 = -169*g + 181*g - 103776. What is the units digit of g?
8
Suppose -3*q = -4*q + 14. Suppose 3*s = q + 1. Suppose -v - 124 = -s*v. What is the units digit of v?
1
Suppose 4438*t - 4427*t - 3966 - 3107 = 0. What is the units digit of t?
3
Let b(c) = -6*c**3 - 11*c**2 + 203*c + 1494. What is the tens digit of b(-7)?
9
Let l(f) = 195*f + 1269. What is the units digit of l(15)?
4
Let h(m) = 2*m**2 - 335*m + 4001. What is the hundreds digit of h(12)?
2
Let a = 228 + -235. What is the hundreds digit of (12/7)/(-4) + (-2145)/a?
3
Suppose -53667 = -496*h + 491*h - 3*b, -5*b = 2*h - 21482. What is the hundreds digit of h?
7
Let l = 654 + -1535. Let t = l - -1330. What is the hundreds digit of t?
4
Let m(q) = -q**2 - 10*q + 65. Let g be m(-12). Suppose 2*s - 483 = g. What is the tens digit of s?
6
Suppose -6 = -15*o + 12*o. Let k(r) = 2*r + 2. Let h be k(-6). What is the tens digit of o/h + 1416/30?
4
Let b = 128 + -128. Suppose 28*s - 26*s - 946 = b. What is the hundreds digit of s?
4
Let x(o) = o**2 - 23*o + 28. Let r be x(22). Let w be (-9)/r*(-36)/6. Let s(d) = d**2 + 13. What is the units digit of s(w)?
4
Let y(q) = q**2 + 17*q + 37. Suppose m = s + 15, -4*s + s + 2*m - 47 = 0. Let o be y(s). Suppose 3*k = o - 4. What is the tens digit of k?
1
Let z = -77 + 93. Let w(c) = 3*c - 40. Let y be w(z). Let f(r) = 5*r**2 - 38*r - 8. What is the units digit of f(y)?
8
Suppose 2*o = o + 3*g - 3, -5*g = 4*o - 5. Suppose -2*i + 282 + 46 = o. What is the tens digit of i?
6
Suppose -34*w + 8*w = -306436. What is the ten thousands digit of w?
1
Let f(m) = -m**2 + 5*m - 3. Let g be f(5). Let w(z) = -29*z**2 + 8*z + 4. Let j(l) = l**2 - l + 1. Let u(a) = -6*j(a) - w(a). What is the tens digit of u(g)?
0
Let s be (-1 - -20) + -3 + 4. Suppose 13*t - s*t + 2177 = 0. What is the hundreds digit of t?
3
What is the ten thousands digit of (-128 + 129)*(26068 - 0)?
2
Let u(k) = -3*k - 7. Let s be u(-8). Suppose -s*v + 13*v = -736. What is the units digit of v?
4
Let l be (34 + -29)*596/10. Suppose 0*o = 5*o + 2*j - l, -5*o = -5*j - 305. Suppose 0 = 3*y + f - 104, 0 = 5